ite?
True
Let w = -9 + 7. Let z be -1*w/2*2. Suppose 110 + 36 = d - m, -3*d - z*m + 423 = 0. Is d a prime number?
False
Suppose -3*q + 4*q = 5*i - 18, -5*q = -4*i + 27. Let p(l) = -3*l**3 + 3 + 0*l**3 + l**i. Is p(-4) a prime number?
True
Let y(g) = 130*g + 7. Let a be y(3). Let w = a + 1170. Is w prime?
True
Let g be (3 - (-5)/(-2))*40. Let i = g + -20. Suppose i = 5*p - 587 - 383. Is p a composite number?
True
Let s(t) = 8*t + 7*t**3 - 2*t + t**2 + 10 - 11*t**2 - 8*t**3. Let g be s(-8). Let i = g + 249. Is i composite?
False
Let k be (-2)/4*-1 + (-39)/(-6). Suppose -k*s + 12*s = 6595. Is s composite?
False
Suppose -476442 = -24*y + 691134. Is y a prime number?
True
Is ((-18)/45 - (-5837)/5) + -4 composite?
False
Let f be -2 - -2 - (0 - -2). Let j be (-9)/(-21) + (1984/(-56) - -2). Is f/(-11) - 26691/j composite?
False
Suppose 5*u - 7 = -2. Suppose -4*r + u = -3*r + c, 5*c = -2*r - 1. Suppose -r*m - 778 = -4*m. Is m a composite number?
False
Suppose 5*a = 3*y + 15254, 0*y - 3*y = -4*a + 12202. Suppose 4*m + 384 - a = 0. Is m a composite number?
True
Let c = -48594 + 83581. Is c composite?
True
Is (-50)/(-600) - (-390550)/24 a composite number?
False
Suppose -5*p = 4*v + 2776, p + v = -v - 554. Let b = p + 919. Suppose 5*h = -28 + b. Is h composite?
False
Let f = -14 + 22. Let s(h) = 7*h + f + 2 + 3*h**2 + 9. Is s(10) a composite number?
False
Suppose 25*m = 50*m - 199925. Is m composite?
True
Is 51942/12*((-30)/5 + 8) prime?
False
Suppose -3*c = c + 2*u - 12, -c = -4*u + 6. Suppose f = 5*t - 134, 2*t - 3*f + f = 52. Suppose -n + 75 = -c*y - t, -3*n + 302 = -5*y. Is n composite?
True
Let p(r) = 2*r - 11*r**3 + 2*r - 3*r - 2*r**2 - 1. Let n(f) = -f**3 - 6*f**2 - 3*f + 8. Let t be n(-5). Is p(t) prime?
False
Suppose -14*q + 4323 = -11*q. Is q a composite number?
True
Suppose 5*z - 2*y + 56 = 0, 5*z + 67 = 3*y + 13. Let m(h) = -h**3 - 11*h**2 - 13*h + 11. Is m(z) composite?
False
Let p(r) be the second derivative of 731*r**3/3 - r**2/2 + 3*r. Let l be p(1). Let d = -994 + l. Is d a prime number?
True
Suppose 0 = 8*w - 43 + 19. Suppose 2176 + 2460 = 2*h - 2*p, w*h + 3*p - 6948 = 0. Is h composite?
True
Let t(b) = -8785*b - 28. Is t(-3) a prime number?
False
Let t(x) = 52*x**2 + 11*x - 11. Is t(6) composite?
True
Let v(w) = 22*w - 42 - 2 - 1 + 18. Is v(7) a composite number?
False
Is -10 + 4 - (-8603 - 6) composite?
True
Suppose -s = y - 90, y = -4*s - 2*y + 355. Suppose s = a - 12. Suppose p - 255 = -2*p - 3*t, -p + 2*t = -a. Is p prime?
True
Let n be (0 - -11)/(1/35). Suppose -n = -2*h - 3*h. Suppose -a - h = -2*a. Is a prime?
False
Suppose -5*t - 1343 = -2*l, -2*t = 4*l - 3*l - 685. Let w = -510 - -298. Let y = l + w. Is y a composite number?
False
Let i(q) = -124*q + 19. Let t be i(-3). Let z = 172 + t. Is z prime?
True
Let c(k) = k**2 + 5*k + 2. Let y(f) = -f**2 + f - 1. Let g(l) = c(l) + 2*y(l). Let u be g(5). Let z(o) = o**2 - 4*o + 7. Is z(u) composite?
False
Let s be 20332/12 + (-4)/(-6). Suppose 0 = 3*i + 558 - s. Is i a prime number?
True
Let y be ((-12)/(-8))/((-9)/(-12)). Let a be 1896/9*(-3)/y. Is ((-1)/(-2))/((-2)/a) a prime number?
True
Suppose r = 4*r - 4*o + 15, -5*r - o = 25. Let q be 8/(-5) - 3/r. Is 247 + 7 + -2 + q prime?
True
Let h(n) = n**2 + 4*n - 12. Let l(p) = -p**2 - 14*p + 5. Let u be l(-14). Let t be h(u). Suppose 0 = -2*z + t + 33. Is z a composite number?
True
Let f(t) = 701*t + 1. Let b be f(2). Suppose -5*v + b = -302. Is v a composite number?
True
Is (-9)/(-11) + -1 - 598995/(-187) a prime number?
True
Let m(p) = -p**3 + 23*p**2 - 22*p + 25. Let r be (2/(-3))/((-8)/252). Is m(r) a composite number?
True
Suppose -4*t + 5380 = -0*j + 2*j, 0 = -4*j + 16. Is t composite?
True
Let g(n) = -n**2 - 6*n + 229. Let f(r) be the third derivative of -r**5/30 - 13*r**4/24 + 457*r**3/6 + r**2. Let v(x) = -6*f(x) + 13*g(x). Is v(0) prime?
False
Let g = -1788 + 4251. Is g a prime number?
False
Suppose x = -10*x - 44. Is (-2800)/x + -1 + 2 prime?
True
Suppose 4*g - 2*i - 20 = 18, -22 = -2*g - 2*i. Let r(w) = 12*w**2 + 13. Is r(g) composite?
False
Let z(l) = -l**3 + 3*l**2 + 4*l. Let a be z(4). Suppose a = d + 16 - 269. Is d a composite number?
True
Suppose -75868 = -3*d - 6415. Is d a prime number?
False
Suppose 45*p - 12*p = 134409. Is p a prime number?
True
Let u = -643 + -564. Let r = 2072 + u. Is r a composite number?
True
Let c be ((-12)/2)/(-2) + -1. Let m be 10 - 10 - c*61. Let a = 267 + m. Is a a composite number?
True
Let m(r) = 446*r - 123. Is m(11) prime?
True
Suppose 0 = -5*s + 15, i + 1110 = 5*s - 4703. Is (i/13)/(-1 + -1) composite?
False
Let m = 24 - 13. Is (-1 - 2058)/(-12 + m) composite?
True
Suppose -67*o = 18*o - 615145. Is o prime?
True
Let v = -9657 - -16255. Is v prime?
False
Let c(v) = -112*v**3 - v. Let t = -21 - -20. Is c(t) composite?
False
Let l = 118 - 84. Is (-77)/(-28)*2*l a composite number?
True
Let q be (0/(-4))/(-1 - -4). Suppose -5*f + 5*x + 24415 = q, -5774 - 3994 = -2*f + x. Is f composite?
True
Let b(w) = w**2 + 21*w + 42. Let l be b(-19). Suppose 0*o - 3*o + 6 = 0. Is 270 - (o - (l - 5)) composite?
True
Let h = -3 + 8. Let q(r) = 16*r**2 - 14*r - 20. Let t(c) = 11*c**2 - 9*c - 13. Let x(f) = h*q(f) - 7*t(f). Is x(-4) prime?
True
Let t = -15806 - -81165. Is t a composite number?
True
Is (5*(-5)/(-25))/(5/42325) prime?
False
Let k be (-7 - -8) + (4 - -1). Let v(g) = 16*g**2 - 14*g - 3. Is v(k) a prime number?
False
Suppose -f - 1231 = 565. Let n be f/(-5) + 4/(-20). Suppose -361 = -3*u - 4*h, -u = 2*u + 2*h - n. Is u a composite number?
True
Let r be 12/(-20) - (-4 - (-408)/(-5)). Let p = r + -8. Is p composite?
True
Let c(q) be the second derivative of -q**5/20 - q**4/3 - 6*q. Let z be c(-4). Is z - -360 - (-7 - -8) composite?
False
Suppose 137 + 19 = 3*q. Suppose -d + 5*d - q = 0. Let v(w) = 4*w - 6. Is v(d) composite?
True
Let l(u) be the second derivative of u**4/6 - 7*u**3/6 - 17*u**2/2 + 6*u. Let h = 15 + -6. Is l(h) a prime number?
False
Suppose -603 = -2*s + 493. Suppose -w - 28 = s. Let a = 995 + w. Is a prime?
True
Let t be 2/(-5) + 499232/80. Suppose t = 4*b + 2*n, -2*b + 4*b = n + 3116. Is b a composite number?
False
Suppose 11677 = 5*c - 0*o + 3*o, -5*c + 3*o = -11653. Is c prime?
True
Suppose -2*w = 2*u - 8057 - 3303, 5*u = 3*w + 28424. Is u prime?
True
Let j be (4/6)/((-36)/162). Is 208 + 3/(-2 - j) a prime number?
True
Let a(i) = -i - 7. Let m be a(-5). Let x be (-4)/(-8)*0/m. Suppose 138 = f - x*t - 4*t, -4*t + 264 = 2*f. Is f composite?
True
Let o(u) = -u**2 + 5*u - 1. Let i be (-2 + 5)*(-1)/(-1). Let s be o(i). Let q(w) = 22*w + 1. Is q(s) a prime number?
False
Let r(p) = p**3 - 6*p**2. Let z be r(6). Let u = -473 - -722. Suppose u = 3*i - z*i. Is i composite?
False
Let b(l) = -l - 2. Let s be b(-9). Let z = s - 2. Suppose -258 = -z*y + 157. Is y a composite number?
False
Is (6 - (1 - -6))*-38945 a composite number?
True
Let f = 60 + -221. Let x = f - -292. Is x composite?
False
Let j(b) = -2*b**2 + 4. Let o be j(0). Suppose -4*i + f - 1390 = -5613, 2*f = -o*i + 4214. Is i a prime number?
False
Suppose -153262 = -44*u + 1272382. Is u composite?
False
Let z(s) = -s**3 - 3*s**2 + 12*s + 12. Let o be z(-9). Suppose -4*x + o + 298 = 0. Suppose 109 = m + c, -4*c = m - x + 69. Is m a composite number?
True
Let o = -1087 + 1693. Suppose -w - 5*m + 10 = 4*w, 4*w - 3*m - 8 = 0. Suppose 0*f + 240 = w*k + 2*f, 5*k - o = -3*f. Is k a prime number?
False
Let i(b) = 1193*b + 2. Let t be 1*2 - (4 - 5 - -2). Is i(t) prime?
False
Let y be 5/(35/1202) + 2/7. Let z = 1727 - y. Is z composite?
True
Suppose 10 + 22 = 2*f + 4*q, 0 = 2*f - q - 17. Let y be 8*(-9)/(-144) - 9/(-2). Suppose 3*w - 156 - 47 = -h, -y*h + f = 0. Is w prime?
True
Let v(g) = -11*g**2 - 3*g - 5. Let a be v(-4). Let t = -315 - a. Let p = t + 225. Is p composite?
False
Let w be (760 + (-9)/3)*1. Suppose 2*p - 1514 = 5*a, 2*a - w = -p - 3*a. Let m = -446 + p. Is m a prime number?
True
Suppose 43614 = -4*t - t + 4*h, 3*t + 5*h + 26161 = 0. Let c be (-2)/(-13) - t/91. Suppose 1 = -5*j + c. Is j composite?
False
Suppose -2*v + 13 - 9 = 0. Suppose v*x + 2*z = 108, x + 3*z - 55 = z. Is x prime?
True
Suppose -q - 38 = -1949. Let f = 1973 + -712. Suppose -2*u + f = -3*j, 4*j = -3*u + 2*j + q. Is u a composite number?
True
Let l be